189.
27
Let v be ((-32)/(-14))/((-132)/(-1386)). What is the greatest common factor of 1604 and v?
4
Suppose 4*a + 3*v = 2, 4*v + 1 + 3 = -2*a. Suppose -a*g = -4*u + 236, -3*u + 124 = -u + 2*g. Calculate the greatest common factor of u and 255.
15
Suppose -1731 - 1769 = -2*g + d, 3*d = -3*g + 5268. What is the highest common divisor of 72 and g?
24
Let o = 29 + 27. Suppose 0 = -5*p - 5, -5*p - 24 - 6 = -5*d. Suppose 4*u - 2*k - 44 = -6*k, 0 = d*u + 4*k - 52. What is the greatest common factor of u and o?
8
Let k = -19318 + 25246. What is the highest common divisor of 234 and k?
78
Let j(u) = 132*u + 7. Let b be j(6). Suppose 51*l + 7358 - 23620 = -122*l. Calculate the highest common factor of l and b.
47
Let j(s) = 28*s + 512. Let w be j(-15). Let p(x) = x**3 - 6*x**2 - 2*x + 49. Let n be p(8). What is the highest common factor of n and w?
23
Let s = 6896 - 3175. Calculate the highest common factor of 61 and s.
61
Let h(o) = -36*o**2 + 4 - 43*o**2 - 5*o - o**3 + 76*o**2. Let d be h(-4). What is the greatest common factor of 16 and d?
8
Let o(a) = a**2 - 25*a - 7. Let v be o(25). Let m(d) = 15*d**2 - 20*d - 100. Let c be m(v). What is the highest common factor of c and 5?
5
Let l be 50/2 + (-2 - -3). Suppose 5425 + 807 - 1208 = 1256*t. What is the greatest common divisor of t and l?
2
Suppose 3*g = -21 - 78. Let x = g - -47. Suppose -4*i - 4*z + 48 = 0, 4*i = -i + z + 30. Calculate the greatest common divisor of i and x.
7
Suppose 24*m = 7*m + 425. Suppose 13 = -12*b + m. Suppose 2*u = -3*a + 15, 3*a = -a - 4*u + 16. Calculate the highest common factor of a and b.
1
Suppose -2*n = 7 - 15, -2*o + 3*n = -492. Calculate the greatest common factor of 2331 and o.
63
Let r(f) = -5*f**3 + 3*f + 0 + 3 - f**2 + 0. Let p be r(-2). Suppose -236*v + 239*v = 66. What is the greatest common divisor of v and p?
11
Let p = -21 - -51. Let i = p - 28. Suppose 4*s - 305 = 3*g, 6*s = 5*s - i*g + 79. Calculate the highest common factor of s and 7.
7
Let n(r) = -2865*r**3 + 2*r**2 - 9*r - 1. Let j be n(-1). Calculate the highest common divisor of 460 and j.
115
Let w be 58/10 + -4 + 2/10. Suppose -3*p + w*y = -553, -5*p - 3*y = -0*p - 947. What is the highest common factor of 34 and p?
17
Suppose 0 = -5*b - 2*c + 8235, 4*b = -b + c + 8220. Calculate the greatest common divisor of b and 141.
47
Let g(h) = -6*h + 105. Let v be g(15). Let p(b) = -b**3 + 15*b**2 + 2*b - 22. Let k be p(v). Calculate the greatest common divisor of 152 and k.
8
Let l be 3 + 11193/33 - (-2)/(-11). Suppose -l - 258 = -25*j. Calculate the greatest common factor of 136 and j.
8
Suppose -1434 = -4*d + 5*y, 5*y - 1815 = -7*d + 2*d. Suppose -286*u = -8*l - 283*u + 137, -2*l = -3*u - 23. Calculate the highest common divisor of l and d.
19
Suppose 2*v - 33 = -3*k, 10*k - 14*k = 4*v - 44. Let z(u) = 3*u**2 - 15*u - 11. Let w be z(k). Calculate the greatest common divisor of w and 34.
17
Suppose -1174*z + 1176*z = 3*x - 5, 2*z = 5*x - 11. Calculate the highest common divisor of z and 278.
2
Suppose 17*a + 33*a - 66*a + 576 = 0. Calculate the greatest common divisor of 5022 and a.
18
Suppose 0 = 3*v + 2*t - 4, 3*t + 7 = -5. Let j(z) = -241*z - 5 + 123*z + 121*z. Let x be j(11). What is the highest common factor of x and v?
4
Let l = -7160 - -12530. Suppose 0 = -19*z + 9*z + l. Let m = z + -251. What is the highest common factor of 26 and m?
26
Let g(z) = -z**2 - 18*z - 59. Let s be g(-13). What is the greatest common divisor of s and 8028?
6
Suppose 39*h + 5*h - 1976 = 18*h. What is the greatest common factor of h and 9880?
76
Suppose -3*m + 298 = 34. Suppose -27 = 2*t - 71. What is the highest common divisor of m and t?
22
Suppose 3*x = 2*o + 2863, 2*x + 3*o - 2451 = -512. What is the greatest common divisor of 63 and x?
7
Suppose -247*u = -245*u + 64. Let v be 89 - ((-8)/u - 5/4). What is the highest common factor of v and 120?
30
Suppose 147 = 53*r - 807. What is the greatest common factor of r and 891?
9
Let b = 28 - 10. Suppose -73*w + 104 = -47*w. What is the greatest common factor of w and b?
2
Let c = -5501 - -6685. What is the highest common factor of 111 and c?
37
Suppose -85*a + 74*a = -330. What is the greatest common divisor of a and 1095?
15
Suppose -3 = -17*y + 31. Suppose 93 = 2*p + n, -p - 3*n = y*n - 69. What is the highest common factor of 55 and p?
11
Let l be ((-224)/(-10))/(30/375). Let f be 12/(2/60*9). What is the highest common factor of f and l?
40
Let j be ((-108)/126)/((-3)/42*3). Let c be ((14/j)/(-7))/(2/2144). Let q be c/(-20) + 19/(-5) + 3. What is the highest common factor of q and 208?
26
Let m(w) = 4*w**3. Let d be m(2). Suppose 2*y = 6*y - d. Suppose 63 = 3*c - 3*j, 4*c - 59 = -0*c - j. What is the greatest common divisor of c and y?
8
Let s = 325 - -93. Let d = -500960 - -501074. What is the highest common divisor of s and d?
38
Suppose m - 85 = 13. Suppose 2*c = 33*c - 868. What is the greatest common factor of c and m?
14
Suppose 24*a - 19845 = -3*a. Let w be 2/((182/a)/13). What is the greatest common divisor of 21 and w?
21
Let j(p) = 530*p - 861. Let r be j(8). Calculate the highest common divisor of 62 and r.
31
Let g be -5 - (-35)/10 - (-15)/2. Let z(b) = 2*b**2 - 9*b + 15. Let t be z(g). Suppose -28*v - 960 = -t*v. What is the greatest common factor of v and 24?
24
Let o = 7960 - 7887. Calculate the greatest common factor of 40807 and o.
73
Suppose 46*y - 170 = 41*y. Let g be 6/8*6*y/51. Suppose -3*n = -6*n + 3*r + 18, 2*r = -g*n + 28. What is the highest common divisor of 6 and n?
2
Suppose 0 = 3*h, -3*u + 3 + 3 = 2*h. Let r(v) = 29*v**2 - 2*v + 4. Let f be r(u). Calculate the highest common factor of f and 4.
4
Let q(n) = 3980*n - 87. Let p be q(1). Calculate the greatest common factor of p and 17.
17
Suppose -4*o - 5*l + 100514 = -26363, 0 = o + l - 31721. What is the greatest common factor of 48 and o?
48
Suppose 0 = h - 8 + 17. Let f(j) = 8*j + 74. Let r be f(h). Suppose 151 + 9 = r*m. Calculate the highest common factor of 40 and m.
40
Suppose -48*p = -49*p + 3*y + 1146, 3*p - 3494 = -5*y. Calculate the highest common divisor of 30 and p.
6
Let a = 1747 - 1678. Calculate the greatest common factor of 12 and a.
3
Let p(x) = -1429*x - 1642. Let k be p(-2). Let q(y) = y**2 + y + 19. Let w be q(0). What is the greatest common factor of k and w?
19
Let q(s) = 1478*s + 7834. Let d be q(-5). What is the greatest common factor of d and 14874?
222
Let f = 68 + 117. Suppose 0 = -11*q - f + 1131. Calculate the greatest common divisor of 215 and q.
43
Let c = 277 - 61. Suppose 225*y - 2736 = c*y. What is the highest common divisor of y and 38?
38
Let b be 104864/208 + 2/(-13). Let p = -2963 - -2977. What is the highest common divisor of p and b?
14
Suppose 32*y + 673 - 51137 = 0. Calculate the highest common factor of y and 747.
83
Suppose 21*q = 10238 + 3958. What is the highest common divisor of 52 and q?
52
Suppose 0 = -3*v - 3*o + 126, 0 = o - 52 + 45. Calculate the highest common factor of 392 and v.
7
Suppose y + 0 = -2*b + 10, y - 4*b = -8. Suppose 4*d - 10*o = -6*o + 260, 4*d + 4*o = 292. Let x = 97 - d. Calculate the greatest common factor of y and x.
4
Let k be 3/(6/458) - (-13 - -14). Suppose 24*f = 28*f - k. What is the greatest common divisor of 3 and f?
3
Let d = -132871 - -132888. Let n be 2/(-6) - (-1380)/9. Calculate the highest common divisor of n and d.
17
Suppose -52*p + 156*p + 786 = 9002. Calculate the highest common factor of 1501 and p.
79
Let u be 59*((-47)/(-9) - (-4)/(-18)). Let v = u + -277. Suppose 2*a + 12 = 4*a. What is the greatest common factor of a and v?
6
Let s be 9 - 9 - (-73 - -1). Suppose -3*f = -2*o + 141, 4*o - 267 - 19 = 2*f. What is the highest common factor of s and o?
72
Suppose -16*d + 18*d = 1230. Let s = d - 1278. Let h = 1136 + s. What is the greatest common factor of 43 and h?
43
Suppose x = -2*m + 25, 99 = 2*m - 3*x + 78. Let l be 12/((-14)/16 + 1). What is the highest common divisor of l and m?
12
Let n be (-95)/210 - 3/(-18) - (-1343)/119. Calculate the highest common factor of 2475 and n.
11
Suppose 33*b = -38*b + 70*b + 2205. Calculate the highest common factor of b and 28.
7
Suppose 7*q - 20851 = -7*q + 64031. What is the highest common divisor of 141 and q?
141
Suppose -p - 50611 = -28*p - 6088. Calcul